of z?
4
Suppose -7*u + 65 = -2*u. Let g be 7 + 1/2*4. Let f = u - g. What is the units digit of f?
4
What is the hundreds digit of (4*(-22)/(-32))/(2/88)?
1
Let i be (-86)/6 + (-6)/9. Let l = -1 - i. Suppose -3*a = -1 - l. What is the units digit of a?
5
Suppose 3*g - 6 = 30. Suppose -g*s = -17*s + 145. What is the units digit of s?
9
Suppose -3*h = -7 - 8. Suppose l + 4*d = -l + 20, 11 = h*l - 3*d. What is the units digit of l?
4
Let v(z) = 13 - z**2 - 3 - 7 + 8*z. What is the units digit of v(8)?
3
Let o(w) = w**2 + 4*w + 3. Let h be o(-4). What is the units digit of (4/h)/(5/195)?
2
Let d be (-466)/10 - 2/5. Let c = -32 - d. Suppose -v + c = 7. What is the units digit of v?
8
Suppose -p - 2*p = 21. Let b(l) = l**2 + 6*l + 9. What is the units digit of b(p)?
6
Let x(m) = -m + 8. Let r be x(6). Let o(f) = -2*f**2 + 4*f**2 - 2*f + 0*f. What is the units digit of o(r)?
4
Suppose -2*k + 150 = 4*a, a - k - 39 + 3 = 0. What is the tens digit of a?
3
Let s = 58 - 40. Let k = -9 + s. What is the units digit of k?
9
Suppose -7*a = -0*a - 2415. What is the tens digit of a?
4
Let m = -83 - -125. What is the tens digit of m?
4
Let p(g) = -5*g. Let m be p(-2). Let q = -2 - -19. Let b = q - m. What is the units digit of b?
7
Suppose 2*l + 1 = -9. Let j(c) = -4 + 2 - 4*c + 0. What is the tens digit of j(l)?
1
Let k(l) be the third derivative of l**4/24 + l**2. Let w be k(2). Suppose w*f + 2 = 4*f. What is the units digit of f?
1
Let d(r) be the first derivative of -4 + 1/2*r**2 + 6*r. What is the units digit of d(0)?
6
Let x = 14 + -8. Suppose 2*k + 5*a - 16 = 0, a - x = -k - a. Let c = 4 + k. What is the units digit of c?
2
Let j(l) = 2*l + 11. Let y(d) = -3 - d - 1 - 2. Let a(k) = -6*j(k) - 11*y(k). What is the units digit of a(-5)?
5
Let p = -10 + 28. What is the units digit of p?
8
Let t(j) = -j + 13. Let k be t(5). What is the tens digit of k/2 - 30*-1?
3
Let g(p) = -p**3 + 6*p**2 + 4*p - 7. Suppose -5*i - 5*c + 21 = -4*i, 0 = 5*i + 2*c - 36. What is the tens digit of g(i)?
1
Let p(m) = 2*m - 15. Let v be p(13). Suppose -17 = -c + v. What is the units digit of c?
8
Suppose 5*x = -2*v + 325, 2*x = 2*v - 3*v + 165. What is the hundreds digit of v?
1
Suppose 66 = 5*k - 3*a, 43 = 4*k + a - 20. Let t = k + -4. What is the tens digit of t?
1
What is the units digit of (3 - 4 - -1) + 37?
7
Let z(f) = f**2 - f - 4. Let w be z(3). Let l be (-8)/12 + 23/3. Suppose 1 + l = w*p. What is the units digit of p?
4
Let g(a) = 2*a - 9. Suppose 4*u = 3*r - 9, 0*u = -3*r - 4*u + 33. Let f be g(r). Suppose 0 = -4*m + 3*d - 5 + 21, 2*d - 43 = -f*m. What is the units digit of m?
7
Suppose -5*f + 610 = 5*r, 0 = f - 4*r - 41 - 76. What is the units digit of f?
1
Let x = -10 + 18. Let b(h) = h**3 - 8*h**2 + 2. Let w be b(x). Suppose 3*k - 39 = -3*p, -w*k = -4*k + 4*p + 26. What is the units digit of k?
3
Let x(c) = -c**3 + c**2 - c + 59. Let k be x(0). Let g = k + -38. What is the tens digit of g?
2
Let w(x) = -2*x + 1. Let z be w(-1). What is the tens digit of -8*z/(-6) - -7?
1
Let o be (-8)/20 + 344/10. Suppose -x = x - o. What is the tens digit of x?
1
Suppose -2 = -5*x + 3*h, 3*x - 2 - 12 = 5*h. What is the units digit of (-3)/x - 3/6?
1
Let c = 5 - 2. Let j(p) = p + 1. Let y be j(c). Suppose 0 = 2*f + 3*l + 3, y*l = -2*f + 3*f - 15. What is the units digit of f?
3
Let q be (0/((-9)/(-3)))/1. Suppose -3*y = -2*o - q*o - 23, -2*y = 3*o - 24. What is the units digit of y/(-6)*-6 - -1?
0
Suppose 3*a - 6*a = 36. What is the units digit of ((-44)/a - 3)*18?
2
Suppose 0*x + 3*x = 9. Suppose 8*c = x*c + 185. What is the units digit of c?
7
Suppose 0 = 6*d - 2*d - 16. Let v = 27 - d. Suppose p - 3*s = v, -6*p - 5*s - 1 = -3*p. What is the units digit of p?
8
Let r(g) = 21*g**2 - 1. What is the units digit of r(1)?
0
Suppose 6*p - 145 = 83. What is the units digit of p?
8
Let i(u) = u**3 - 3*u**2 + 2*u - 2. Let o(z) = 2*z**2 - 3. Let n be o(3). Suppose 2*l - a + 15 = 7*l, -5*l - 3*a + n = 0. What is the units digit of i(l)?
4
What is the units digit of 0/5*(-1)/2 - -74?
4
Suppose -4*x = -5*t - 532, 5*t - 236 = -2*x - 0*x. Let h = -51 + x. What is the units digit of (-6)/(-10) - h/(-5)?
6
What is the tens digit of (-3)/(-1 + 124/136)?
3
Let g(f) be the third derivative of f**5/120 - f**4/6 - f**3/2 - 2*f**2. Let j(z) be the first derivative of g(z). What is the units digit of j(6)?
2
Suppose j + 2*j = 0. What is the units digit of j - 4*9/(-6)?
6
Let f = -1 - 1. Let l = 0 - f. What is the units digit of l?
2
Let f = -44 + 125. What is the units digit of f?
1
Let c be (10 + (-9)/3)/1. What is the units digit of 44/c + 6/(-21)?
6
Let w(q) = q**3 + 4*q**2 - 4. Let d be w(-4). What is the tens digit of ((-22)/d)/(2/4)?
1
Suppose 3*z + q = 472, 5*z + q - 43 = 745. What is the units digit of z?
8
Let k = 10 + 0. What is the units digit of 138/k + 5/25?
4
Let w be 0/(1*(2 - 3)). Let l(q) = 38*q**2 + 1. Let i be l(-1). Suppose w*u + 3*u - i = -4*o, -13 = -u + o. What is the units digit of u?
3
Let s(r) = 2*r**2 - 22*r - 54. What is the units digit of s(19)?
0
Suppose -3*d - 17 = -2*z - 70, -2*d = -z - 35. Suppose -h + d = 5. What is the units digit of h?
2
Let g(l) = 20*l**2. Let i be g(1). Let s = -14 + i. What is the units digit of s?
6
Let y(o) = -o**3 - 4*o**2 + 3*o - 7. Let p = 1 + -6. Let m be y(p). Suppose 5*u - 44 = -4*d, -m*d + 2*u = -43 + 10. What is the tens digit of d?
1
Suppose v + 685 = 6*v. Suppose 5*k - 4*d = 2*k + v, -5*k = -4*d - 215. What is the units digit of k?
9
Suppose 22 = 2*q + 3*s, 0*q = -4*q - s + 24. Suppose -q*l - 3*f = -133, 5*l - 3*f = -4*f + 141. Suppose -3*j - 2 = -l. What is the units digit of j?
9
Suppose 0 = i + 5 - 10. What is the units digit of i?
5
Suppose 4*l + l + 5*k = 30, 0 = 2*l - k - 3. Suppose -l*f - 2*y - 85 = -0*f, 71 = -3*f + 5*y. What is the units digit of -9*3*6/f?
6
Suppose 34 = -2*w + 3*r + r, r + 2 = 0. Suppose 4*z = 38 + 90. Let t = w + z. What is the units digit of t?
1
Let z = 4 + -1. Suppose 0 = 5*t - z*t - 28. What is the units digit of t?
4
Suppose -4*d - 4 = 4*o - o, -2*o = 0. Let g be (2/d)/(2/21). What is the tens digit of (-237)/g + 2/(-7)?
1
Let s(o) = 2*o - 6 + 23 - o. Suppose 5*t + 53 = -2. What is the units digit of s(t)?
6
Let i(p) = p + 5. Let c be i(-5). Suppose 0 = -c*w - 2*w + 4. What is the units digit of w?
2
What is the tens digit of (-940)/(-30) + (-4)/(-6)?
3
Let m = 45 + -19. Let w be (-1)/(-4) - m/8. Let t = w - -7. What is the units digit of t?
4
Suppose -2*j = -j + 5. What is the units digit of (4 + j)*(-46)/2?
3
Let w(t) = -6 + 6*t - 2*t + 1. What is the tens digit of w(4)?
1
Suppose -4*w = -166 - 2. What is the tens digit of w?
4
Suppose -3*d + a + 105 = -2*a, 4*a = -3*d + 105. What is the units digit of d?
5
Suppose -3 = -2*h + 1. Let b = 5 - h. Suppose 5*t - b*t - 22 = 0. What is the tens digit of t?
1
Suppose 5*m + 16 = 6*m. Suppose 5*t - m = -4*f + 27, 3*t = -4*f + 37. What is the units digit of f?
7
Suppose 4*j - 332 = 3*g, 2*j - g - 192 = -6*g. What is the tens digit of j?
8
Suppose v = -2*v. Suppose v*l - 54 = -2*l. What is the tens digit of l?
2
Let o(a) = -a**3 + a**2 + 1. Suppose 3*c - 4*c + 6 = 0. Let t(s) = 5*s**3 - 15*s**2 - 8*s - 3. Let w(h) = c*o(h) + t(h). What is the units digit of w(-8)?
3
Suppose -3*t = -6*t + 174. What is the tens digit of t?
5
Let w(f) = -f**2 - 6*f + 3. Let y be -10*(-2)/(-12)*3. Let v be w(y). Suppose 0 = l - v - 0. What is the units digit of l?
8
Suppose -3*j + 41 = 3*b - 100, 5*b + 73 = 2*j. What is the tens digit of j?
4
What is the units digit of 120/(-16)*(-18)/5?
7
Let t be (-62)/8 - 2/8. Let d(f) = 3*f - 3. Let h be d(t). What is the units digit of 6/h - (-20)/9?
2
Let j = 13 - 11. Suppose -j*i + 44 = -0*i. What is the tens digit of i?
2
What is the hundreds digit of (-2)/(-6)*(-21 + 1302)?
4
Suppose -2*u + 711 = -6*v + 3*v, u - 353 = v. What is the hundreds digit of u?
3
Suppose 90 = 5*p - 2*p. What is the units digit of p?
0
Suppose 0 = 6*f - 413 + 113. What is the units digit of f?
0
Let a(x) = -18*x - 4. What is the units digit of a(-2)?
2
Let d(i) = -i - 1. Let m be d(1). Let q be (6/(-10))/((-3)/15). Let p = q - m. What is the units digit of p?
5
Let c = -21 - -30. Suppose p = -2*k - 7, -k = 3*p + 2*k + c. What is the units digit of p?
1
Suppose -5*d 